{"id":173,"date":"2020-01-16T16:01:05","date_gmt":"2020-01-16T15:01:05","guid":{"rendered":"https:\/\/www.lanationcitoyenne.fr\/?page_id=173"},"modified":"2022-04-28T16:04:37","modified_gmt":"2022-04-28T15:04:37","slug":"accueil-2","status":"publish","type":"page","link":"https:\/\/www.lanationcitoyenne.fr\/?page_id=173","title":{"rendered":"accueil"},"content":{"rendered":"\t\t<div data-elementor-type=\"wp-page\" data-elementor-id=\"173\" class=\"elementor elementor-173\">\n\t\t\t\t\t\t<section class=\"elementor-section elementor-top-section elementor-element elementor-element-6749cf3 elementor-section-boxed elementor-section-height-default elementor-section-height-default\" data-id=\"6749cf3\" data-element_type=\"section\" data-e-type=\"section\">\n\t\t\t\t\t\t<div class=\"elementor-container elementor-column-gap-default\">\n\t\t\t\t\t<div class=\"elementor-column elementor-col-100 elementor-top-column elementor-element elementor-element-0814049\" data-id=\"0814049\" data-element_type=\"column\" data-e-type=\"column\">\n\t\t\t<div class=\"elementor-widget-wrap elementor-element-populated\">\n\t\t\t\t\t\t<section class=\"elementor-section elementor-inner-section elementor-element elementor-element-9afa33b elementor-section-boxed elementor-section-height-default elementor-section-height-default\" data-id=\"9afa33b\" data-element_type=\"section\" data-e-type=\"section\">\n\t\t\t\t\t\t<div class=\"elementor-container elementor-column-gap-default\">\n\t\t\t\t\t<div class=\"elementor-column elementor-col-50 elementor-inner-column elementor-element elementor-element-fd890e1\" data-id=\"fd890e1\" data-element_type=\"column\" data-e-type=\"column\">\n\t\t\t<div class=\"elementor-widget-wrap elementor-element-populated\">\n\t\t\t\t\t\t<div class=\"elementor-element elementor-element-501fd2b elementor-widget elementor-widget-image\" data-id=\"501fd2b\" data-element_type=\"widget\" data-e-type=\"widget\" data-widget_type=\"image.default\">\n\t\t\t\t<div class=\"elementor-widget-container\">\n\t\t\t\t\t\t\t\t\t\t\t\t\t\t\t<img fetchpriority=\"high\" decoding=\"async\" width=\"1020\" height=\"407\" src=\"https:\/\/www.lanationcitoyenne.fr\/wp-content\/uploads\/2021\/02\/MARIANNE-CARRE-e1613900446809-1024x409.png\" class=\"attachment-large size-large wp-image-452\" alt=\"\" srcset=\"https:\/\/www.lanationcitoyenne.fr\/wp-content\/uploads\/2021\/02\/MARIANNE-CARRE-e1613900446809-1024x409.png 1024w, https:\/\/www.lanationcitoyenne.fr\/wp-content\/uploads\/2021\/02\/MARIANNE-CARRE-e1613900446809-300x120.png 300w, https:\/\/www.lanationcitoyenne.fr\/wp-content\/uploads\/2021\/02\/MARIANNE-CARRE-e1613900446809-768x307.png 768w, https:\/\/www.lanationcitoyenne.fr\/wp-content\/uploads\/2021\/02\/MARIANNE-CARRE-e1613900446809-1536x614.png 1536w, https:\/\/www.lanationcitoyenne.fr\/wp-content\/uploads\/2021\/02\/MARIANNE-CARRE-e1613900446809-150x60.png 150w, https:\/\/www.lanationcitoyenne.fr\/wp-content\/uploads\/2021\/02\/MARIANNE-CARRE-e1613900446809-1320x527.png 1320w, https:\/\/www.lanationcitoyenne.fr\/wp-content\/uploads\/2021\/02\/MARIANNE-CARRE-e1613900446809.png 1572w\" sizes=\"(max-width: 1020px) 100vw, 1020px\" \/>\t\t\t\t\t\t\t\t\t\t\t\t\t\t\t<\/div>\n\t\t\t\t<\/div>\n\t\t\t\t\t<\/div>\n\t\t<\/div>\n\t\t\t\t<div class=\"elementor-column elementor-col-50 elementor-inner-column elementor-element elementor-element-b697f9e\" data-id=\"b697f9e\" data-element_type=\"column\" data-e-type=\"column\">\n\t\t\t<div class=\"elementor-widget-wrap elementor-element-populated\">\n\t\t\t\t\t\t<div class=\"elementor-element elementor-element-f61db5d elementor-widget elementor-widget-text-editor\" data-id=\"f61db5d\" data-element_type=\"widget\" data-e-type=\"widget\" data-widget_type=\"text-editor.default\">\n\t\t\t\t<div class=\"elementor-widget-container\">\n\t\t\t\t\t\t\t\t\t<address class=\"article__details\"><a class=\"link\" href=\"https:\/\/www.marianne.net\/auteur\/tribune-collective\" rel=\"author\"> <span class=\"link__decoration\">Tribune collective<\/span><\/a><br \/>Publi\u00e9 le <time datetime=\"2021-02-20T16:00:00+00:00\"> 20\/02\/2021 \u00e0 16:00 <br \/><\/time><a href=\"https:\/\/www.marianne.net\/agora\/tribunes-libres\/nation-citoyenne-refondons-la-republique-au-dessus-de-la-droite-et-de-la-gauche\" target=\"_blank\" rel=\"noopener\">https:\/\/www.marianne.net\/agora\/tribunes-libres\/nation-citoyenne-refondons-la-republique-au-dessus-de-la-droite-et-de-la-gauche<\/a><\/address>\t\t\t\t\t\t\t\t<\/div>\n\t\t\t\t<\/div>\n\t\t\t\t\t<\/div>\n\t\t<\/div>\n\t\t\t\t\t<\/div>\n\t\t<\/section>\n\t\t\t\t\t<\/div>\n\t\t<\/div>\n\t\t\t\t\t<\/div>\n\t\t<\/section>\n\t\t\t\t<section class=\"elementor-section elementor-top-section elementor-element elementor-element-8c685d4 elementor-section-boxed elementor-section-height-default elementor-section-height-default\" data-id=\"8c685d4\" data-element_type=\"section\" data-e-type=\"section\">\n\t\t\t\t\t\t<div class=\"elementor-container elementor-column-gap-default\">\n\t\t\t\t\t<div class=\"elementor-column elementor-col-100 elementor-top-column elementor-element elementor-element-7ccbfc5\" data-id=\"7ccbfc5\" data-element_type=\"column\" data-e-type=\"column\">\n\t\t\t<div class=\"elementor-widget-wrap elementor-element-populated\">\n\t\t\t\t\t\t<div class=\"elementor-element elementor-element-93c6b16 elementor-widget elementor-widget-text-editor\" data-id=\"93c6b16\" data-element_type=\"widget\" data-e-type=\"widget\" data-widget_type=\"text-editor.default\">\n\t\t\t\t<div class=\"elementor-widget-container\">\n\t\t\t\t\t\t\t\t\t<p style=\"text-align: center;\">Nation citoyenne : \u00ab\u00a0Refondons la R\u00e9publique<br \/>au-dessus de la droite et de la gauche\u00a0\u00bb<\/p>\t\t\t\t\t\t\t\t<\/div>\n\t\t\t\t<\/div>\n\t\t\t\t\t<\/div>\n\t\t<\/div>\n\t\t\t\t\t<\/div>\n\t\t<\/section>\n\t\t\t\t<section class=\"elementor-section elementor-top-section elementor-element elementor-element-e2717c2 elementor-section-boxed elementor-section-height-default elementor-section-height-default\" data-id=\"e2717c2\" data-element_type=\"section\" data-e-type=\"section\">\n\t\t\t\t\t\t<div class=\"elementor-container elementor-column-gap-default\">\n\t\t\t\t\t<div class=\"elementor-column elementor-col-100 elementor-top-column elementor-element elementor-element-9372c25\" data-id=\"9372c25\" data-element_type=\"column\" data-e-type=\"column\">\n\t\t\t<div class=\"elementor-widget-wrap elementor-element-populated\">\n\t\t\t\t\t\t<section class=\"elementor-section elementor-inner-section elementor-element elementor-element-dde815e elementor-section-boxed elementor-section-height-default elementor-section-height-default\" data-id=\"dde815e\" data-element_type=\"section\" data-e-type=\"section\">\n\t\t\t\t\t\t<div class=\"elementor-container elementor-column-gap-default\">\n\t\t\t\t\t<div class=\"elementor-column elementor-col-50 elementor-inner-column elementor-element elementor-element-81aca83\" data-id=\"81aca83\" data-element_type=\"column\" data-e-type=\"column\">\n\t\t\t<div class=\"elementor-widget-wrap elementor-element-populated\">\n\t\t\t\t\t\t<div class=\"elementor-element elementor-element-dbdfcf0 elementor-widget elementor-widget-image\" data-id=\"dbdfcf0\" data-element_type=\"widget\" data-e-type=\"widget\" data-widget_type=\"image.default\">\n\t\t\t\t<div class=\"elementor-widget-container\">\n\t\t\t\t\t\t\t\t\t\t\t\t\t\t\t<img decoding=\"async\" src=\"https:\/\/www.lanationcitoyenne.fr\/wp-content\/uploads\/2021\/02\/080_HL_XBOUZAS_1372023.jpg\" title=\"\" alt=\"\" loading=\"lazy\" \/>\t\t\t\t\t\t\t\t\t\t\t\t\t\t\t<\/div>\n\t\t\t\t<\/div>\n\t\t\t\t<div class=\"elementor-element elementor-element-a6d2204 elementor-widget elementor-widget-image\" data-id=\"a6d2204\" data-element_type=\"widget\" data-e-type=\"widget\" data-widget_type=\"image.default\">\n\t\t\t\t<div class=\"elementor-widget-container\">\n\t\t\t\t\t\t\t\t\t\t\t\t\t\t\t<img decoding=\"async\" width=\"622\" height=\"138\" src=\"https:\/\/www.lanationcitoyenne.fr\/wp-content\/uploads\/2021\/01\/NATION-CITOYENNE-e1610800272985.jpg\" class=\"attachment-full size-full wp-image-10\" alt=\"\" \/>\t\t\t\t\t\t\t\t\t\t\t\t\t\t\t<\/div>\n\t\t\t\t<\/div>\n\t\t\t\t\t<\/div>\n\t\t<\/div>\n\t\t\t\t<div class=\"elementor-column elementor-col-50 elementor-inner-column elementor-element elementor-element-7171668\" data-id=\"7171668\" data-element_type=\"column\" data-e-type=\"column\">\n\t\t\t<div class=\"elementor-widget-wrap elementor-element-populated\">\n\t\t\t\t\t\t<div class=\"elementor-element elementor-element-ee50b41 elementor-widget elementor-widget-text-editor\" data-id=\"ee50b41\" data-element_type=\"widget\" data-e-type=\"widget\" data-widget_type=\"text-editor.default\">\n\t\t\t\t<div class=\"elementor-widget-container\">\n\t\t\t\t\t\t\t\t\t<p><strong>\u00ab\u00a0Il nous faut \u00e0 nouveau penser le \u00ab bien commun \u00bb, \u00e0 travers un projet de citoyennet\u00e9, face \u00e0 l\u2019importation de mod\u00e8les communautaristes.\u00a0\u00bb<\/strong><br \/><strong>\u00a9 Xose Bouzas \/ Hans Lucas<\/strong><\/p>\t\t\t\t\t\t\t\t<\/div>\n\t\t\t\t<\/div>\n\t\t\t\t\t<\/div>\n\t\t<\/div>\n\t\t\t\t\t<\/div>\n\t\t<\/section>\n\t\t\t\t\t<\/div>\n\t\t<\/div>\n\t\t\t\t\t<\/div>\n\t\t<\/section>\n\t\t\t\t<section class=\"elementor-section elementor-top-section elementor-element elementor-element-af62fee elementor-section-boxed elementor-section-height-default elementor-section-height-default\" data-id=\"af62fee\" data-element_type=\"section\" data-e-type=\"section\">\n\t\t\t\t\t\t<div class=\"elementor-container elementor-column-gap-default\">\n\t\t\t\t\t<div class=\"elementor-column elementor-col-100 elementor-top-column elementor-element elementor-element-49396f0\" data-id=\"49396f0\" data-element_type=\"column\" data-e-type=\"column\">\n\t\t\t<div class=\"elementor-widget-wrap elementor-element-populated\">\n\t\t\t\t\t\t<div class=\"elementor-element elementor-element-14bd857 elementor-widget-divider--view-line elementor-widget elementor-widget-divider\" data-id=\"14bd857\" data-element_type=\"widget\" data-e-type=\"widget\" data-widget_type=\"divider.default\">\n\t\t\t\t<div class=\"elementor-widget-container\">\n\t\t\t\t\t\t\t<div class=\"elementor-divider\">\n\t\t\t<span class=\"elementor-divider-separator\">\n\t\t\t\t\t\t<\/span>\n\t\t<\/div>\n\t\t\t\t\t\t<\/div>\n\t\t\t\t<\/div>\n\t\t\t\t\t<\/div>\n\t\t<\/div>\n\t\t\t\t\t<\/div>\n\t\t<\/section>\n\t\t\t\t<section class=\"elementor-section elementor-top-section elementor-element elementor-element-34beaf6 elementor-section-boxed elementor-section-height-default elementor-section-height-default\" data-id=\"34beaf6\" data-element_type=\"section\" data-e-type=\"section\">\n\t\t\t\t\t\t<div class=\"elementor-container elementor-column-gap-default\">\n\t\t\t\t\t<div class=\"elementor-column elementor-col-100 elementor-top-column elementor-element elementor-element-4ae3d11\" data-id=\"4ae3d11\" data-element_type=\"column\" data-e-type=\"column\">\n\t\t\t<div class=\"elementor-widget-wrap elementor-element-populated\">\n\t\t\t\t\t\t<div class=\"elementor-element elementor-element-c72627b elementor-widget elementor-widget-text-editor\" data-id=\"c72627b\" data-element_type=\"widget\" data-e-type=\"widget\" data-widget_type=\"text-editor.default\">\n\t\t\t\t<div class=\"elementor-widget-container\">\n\t\t\t\t\t\t\t\t\t<p>Ni un parti, ni une \u00e9curie, l\u2019association \u00ab\u00a0La Nation citoyenne\u00a0\u00bb entend, dans le cadre de la pr\u00e9sidentielle de 2022, contribuer \u00e0 un projet de refondation r\u00e9publicaine au-del\u00e0 des diff\u00e9rences de sensibilit\u00e9s. Autour de colloques et d\u2019ateliers, elle compte r\u00e9unir des politiques de tous bords pour les faire dialoguer.<\/p>\t\t\t\t\t\t\t\t<\/div>\n\t\t\t\t<\/div>\n\t\t\t\t\t<\/div>\n\t\t<\/div>\n\t\t\t\t\t<\/div>\n\t\t<\/section>\n\t\t\t\t<section class=\"elementor-section elementor-top-section elementor-element elementor-element-0cc60dc elementor-section-boxed elementor-section-height-default elementor-section-height-default\" data-id=\"0cc60dc\" data-element_type=\"section\" data-e-type=\"section\">\n\t\t\t\t\t\t<div class=\"elementor-container elementor-column-gap-default\">\n\t\t\t\t\t<div class=\"elementor-column elementor-col-100 elementor-top-column elementor-element elementor-element-a85af57\" data-id=\"a85af57\" data-element_type=\"column\" data-e-type=\"column\">\n\t\t\t<div class=\"elementor-widget-wrap elementor-element-populated\">\n\t\t\t\t\t\t<div class=\"elementor-element elementor-element-7761d4e elementor-widget-divider--view-line elementor-widget elementor-widget-divider\" data-id=\"7761d4e\" data-element_type=\"widget\" data-e-type=\"widget\" data-widget_type=\"divider.default\">\n\t\t\t\t<div class=\"elementor-widget-container\">\n\t\t\t\t\t\t\t<div class=\"elementor-divider\">\n\t\t\t<span class=\"elementor-divider-separator\">\n\t\t\t\t\t\t<\/span>\n\t\t<\/div>\n\t\t\t\t\t\t<\/div>\n\t\t\t\t<\/div>\n\t\t\t\t\t<\/div>\n\t\t<\/div>\n\t\t\t\t\t<\/div>\n\t\t<\/section>\n\t\t\t\t<section class=\"elementor-section elementor-top-section elementor-element elementor-element-b233c81 elementor-section-boxed elementor-section-height-default elementor-section-height-default\" data-id=\"b233c81\" data-element_type=\"section\" data-e-type=\"section\">\n\t\t\t\t\t\t<div class=\"elementor-container elementor-column-gap-default\">\n\t\t\t\t\t<div class=\"elementor-column elementor-col-100 elementor-top-column elementor-element elementor-element-e6e2881\" data-id=\"e6e2881\" data-element_type=\"column\" data-e-type=\"column\">\n\t\t\t<div class=\"elementor-widget-wrap elementor-element-populated\">\n\t\t\t\t\t\t<div class=\"elementor-element elementor-element-1dfa755 elementor-widget elementor-widget-text-editor\" data-id=\"1dfa755\" data-element_type=\"widget\" data-e-type=\"widget\" data-widget_type=\"text-editor.default\">\n\t\t\t\t<div class=\"elementor-widget-container\">\n\t\t\t\t\t\t\t\t\t<p>La \u00ab&nbsp;question r\u00e9publicaine&nbsp;\u00bb a \u00e9t\u00e9 pos\u00e9e d\u00e8s que la droite aussi bien que la gauche se sont d\u00e9tourn\u00e9es, l\u2019une de l\u2019h\u00e9ritage du g\u00e9n\u00e9ral de Gaulle, l\u2019autre de sa vocation sociale, pour se rallier, l\u2019une comme l\u2019autre, au n\u00e9olib\u00e9ralisme triomphant.<\/p>\n<p>Il nous faut \u00e0 nouveau penser le \u00ab&nbsp;bien commun&nbsp;\u00bb, \u00e0 travers un projet de citoyennet\u00e9, face \u00e0 l\u2019importation de mod\u00e8les communautaristes. Et cela dans un monde d\u00e9sagr\u00e9g\u00e9 et d\u00e9boussol\u00e9, o\u00f9 la rivalit\u00e9 sino-am\u00e9ricaine ne d\u00e9bouche sur aucun projet de civilisation d\u00e9sirable et o\u00f9 la mont\u00e9e de l\u2019obscurantisme dessine d\u2019inqui\u00e9tants \u00ab&nbsp;trous noirs&nbsp;\u00bb.<\/p>\n<p><b>Les travaux de l\u2019association s\u2019organiseront \u00e0 partir de cinq th\u00e8mes\u2009:<\/b><\/p>\n<ol>\n<li>La brique de base de la reconstruction d\u2019un nouvel ordre international et d\u2019une r\u00e9orientation de la construction europ\u00e9enne est la nation \u00ab&nbsp;civique&nbsp;\u00bb, telle que notre R\u00e9volution en a pos\u00e9 les principes, car la d\u00e9mocratie suppose un sentiment d\u2019appartenance fort que seule la nation peut offrir.<\/li>\n<li>La reprise de contr\u00f4le de leur destin par les peuples passe par le desserrement de la \u00ab tenaille \u00bb \u00c9tats-Unis &#8211; Chine. L\u2019\u00ab occidentalisme \u00bb, c\u2019est-\u00e0-dire l\u2019alignement derri\u00e8re la banni\u00e8re am\u00e9ricaine, n\u2019est pas pour la France une solution.<\/li>\n<li>Il faut encourager l\u2019av\u00e8nement de tiers acteurs, principalement l\u2019Europe.<\/li>\n<li>\u00ab&nbsp;L\u2019Europe europ\u00e9enne&nbsp;\u00bb : \u00e0 partir de ses nations, l\u2019Europe doit devenir un acteur strat\u00e9gique autonome. Elle doit \u00eatre \u00e0 g\u00e9om\u00e9trie variable : \u00e9conomie, monnaie, industrie, technologie, num\u00e9rique, espace, \u00e9nergie, s\u00e9curit\u00e9, et donc innover en mati\u00e8re de coop\u00e9rations renforc\u00e9es, ouvertes vers l\u2019Est et vers le Sud. Cela implique de revoir la philosophie et en tout \u00e9tat de cause la pratique des trait\u00e9s&nbsp;europ\u00e9ens fond\u00e9s sur la r\u00e8gle exclusive de la concurrence et du libre-\u00e9changisme dogmatique. Il faut associer la Russie \u00e0 la d\u00e9finition d\u2019une architecture europ\u00e9enne de s\u00e9curit\u00e9 et de coop\u00e9ration. Articuler les politiques nationales, celles de l\u2019Union europ\u00e9enne et celles r\u00e9sultant de partenariats privil\u00e9gi\u00e9s (Russie, Grande-Bretagne, etc.).<br>M\u00eame provisoirement isol\u00e9e, la France doit maintenir le cap de l\u2019autonomie strat\u00e9gique europ\u00e9enne dans la longue dur\u00e9e. Nous ne sommes pas \u00ab&nbsp;contre l\u2019Europe&nbsp;\u00bb, mais contre le n\u00e9olib\u00e9ralisme qui l\u2019a livr\u00e9e \u00e0 une mondialisation financi\u00e8re d\u00e9brid\u00e9e. Nous sommes pour une Europe solidaire des nations et des peuples, fid\u00e8le \u00e0 l\u2019esprit des Lumi\u00e8res, \u00ab&nbsp;carrefour des civilisations&nbsp;\u00bb, porteuse d\u2019un universalisme raisonn\u00e9.<\/li>\n<li>Une nouvelle refondation r\u00e9publicaine de la France.<\/li>\n<\/ol>\n<p>Avec des institutions&nbsp;solides : le retour aux sources de la V<sup>e<\/sup>&nbsp;R\u00e9publique (d\u00e9connecter la dur\u00e9e des mandats pr\u00e9sidentiel et parlementaire, r\u00e9habiliter le Parlement\u2026). Avec aussi le souci de ressourcer la d\u00e9mocratie dans la R\u00e9publique et de rompre avec la d\u00e9rive vers le \u00ab&nbsp;gouvernement des juges&nbsp;\u00bb. Ainsi, citoyennet\u00e9, civisme, \u00e9cole, services publics, la\u00efcit\u00e9, r\u00e9cit national ouvert, doivent structurer le patriotisme r\u00e9publicain.<\/p>\n<p>La Nation citoyenne souhaite aussi donner un contenu \u00e0 la reconqu\u00eate de l\u2019ind\u00e9pendance industrielle, technologique, alimentaire et sanitaire par l\u2019orientation de l\u2019investissement et de l\u2019\u00e9pargne vers les secteurs strat\u00e9giques. Il s\u2019agit de \u00ab&nbsp;Refaire France&nbsp;\u00bb autour de la reprise de l\u2019int\u00e9gration et l\u2019accueil du d\u00e9sir d\u2019assimilation. Il s\u2019agit aussi de combattre l\u2019islamisme politique, que nous ne confondons pas avec l\u2019islam. La politique migratoire, qui d\u00e9pend de la capacit\u00e9 d\u2019accueil, doit faire aller de pair g\u00e9n\u00e9rosit\u00e9 et fermet\u00e9 r\u00e9publicaines. La Nation citoyenne sera fid\u00e8le \u00e0 l\u2019esprit des Lumi\u00e8res, \u00e0 rebours de la collapsologie, sans verser pour autant dans le scientisme.<\/p>\n<p>Le but de l\u2019association La Nation citoyenne est de faire surgir une \u00ab&nbsp;nouvelle offre politique&nbsp;\u00bb, en amont des choix politiques proprement dits (choix des candidats, structuration en \u00ab&nbsp;partis&nbsp;\u00bb). L\u2019association s\u2019adresse aux r\u00e9publicains qui entendent rester fid\u00e8les \u00e0 l\u2019inspiration profonde de Jean Jaur\u00e8s et de Charles de Gaulle et \u00e0 la philosophie du Conseil national de la R\u00e9sistance.<\/p>\n<p>Il s\u2019agit de ramener les classes populaires autour d\u2019un projet \u00e0 la fois national et europ\u00e9en, capable de dynamiser la meilleure part de nos \u00e9lites et de donner au peuple fran\u00e7ais le sentiment qu\u2019il peut renouer avec son destin et \u00e0 nouveau \u00ab&nbsp;faire France&nbsp;\u00bb. Priorit\u00e9 \u00e0 la r\u00e9flexion !<br>La campagne des \u00e9lections de 2022 n\u2019est pas encore ouverte\u2026<\/p>\n<p><strong>Signataires :<\/strong><\/p>\n<p>&#8211; Claude Nicolet, pr\u00e9sident de \u00ab\u00a0La Nation citoyenne\u00a0\u00bb<\/p>\n<p>&#8211; Jean-Pierre Chev\u00e8nement, ancien ministre<\/p>\n<p>&#8211; Marie-Fran\u00e7oise Bechtel, ancienne parlementaire<\/p>\n<p>&#8211; C\u00e9line Pina, chroniqueuse et essayiste, pr\u00e9sidente de Viv(r)e la R\u00e9publique<\/p>\n<p>&#8211; Bernard Alix, philosophe, charg\u00e9 de cours \u00e0 l&rsquo;universit\u00e9 Paris-Nanterre, pr\u00e9sident de la maison du travail<\/p>\n<p>&#8211; Jean-Yves Autexier, ancien parlementaire<\/p>\n<p>&#8211; Guillaume Bigot, chroniqueur et essayiste<\/p>\n<p>&#8211; David Cayla, \u00e9conomiste, enseignant-chercheur \u00e0 l&rsquo;universit\u00e9 d&rsquo;Angers<\/p>\n<p>&#8211; Alain Dejammet, ancien diplomate<\/p>\n<p>&#8211; David Desgouilles,chroniqueur et romancier<\/p>\n<p>&#8211; Marie-Annick Duhard, ancienne diplomate, ancienne secr\u00e9taire g\u00e9n\u00e9ral de la Com\u00e9die-Fran\u00e7aise<\/p>\n<p>&#8211; Jacquelines Durando, enseignante<\/p>\n<p>&#8211; Dani\u00e8le Duwoye, membre du bureau de \u00ab\u00a0R\u00e9publique moderne\u00a0\u00bb<\/p>\n<p>&#8211; Marielle Gallo, avocate honoraire, ancienne d\u00e9put\u00e9e europ\u00e9enne<\/p>\n<p>&#8211; Jean de Gliniasty, ancien diplomate<\/p>\n<p>&#8211; Bastien Gouly, pr\u00e9sident des \u00ab\u00a0Rencontres r\u00e9publicaines\u00a0\u00bb<\/p>\n<p>&#8211; Christian Hutin, d\u00e9put\u00e9, vice-pr\u00e9sident de la commission des<br>Affaires \u00e9trang\u00e8res, membre du bureau national du Mouvement des Citoyens<\/p>\n<p>&#8211; Georges Kuzmanovic, pr\u00e9sident de \u00ab\u00a0R\u00e9publique souveraine\u00a0\u00bb<\/p>\n<p>&#8211; Jean-Pierre Lettron, animateur du r\u00e9seau \u00ab\u00a0Choisir le nucl\u00e9aire\u00a0\u00bb, pr\u00e9sident de \u00ab\u00a0l&rsquo;association r\u00e9publicaine souverainiste\u00a0\u00bb<\/p>\n<p>&#8211; Christine Meyer,&nbsp;ancienne \u00e9lue ville de Nantes et Pays de Loire.<\/p>\n<p>&#8211; Fran\u00e7ois Nicoullaud, ancien diplomate<\/p>\n<p>&#8211; G\u00e9rard Pierre,&nbsp;vice-pr\u00e9sident de \u00ab\u00a0Sauvons le climat\u00a0\u00bb, professeur \u00e9m\u00e9rite de physique-universit\u00e9 de Bourgogne<\/p>\n<p>&#8211; Anne-Marie Le Pourhiet, professeur de droit public<\/p>\n<p>&#8211; Marie-Pierre Logelin, membre du bureau de R\u00e9publique moderne<\/p>\n<p>&#8211; Jean-Philippe Mall\u00e9, vice-pr\u00e9sident de \u00ab\u00a0Oser la France\u00a0\u00bb, ancien d\u00e9put\u00e9<\/p>\n<p>&#8211; Benjamin Morel, ma\u00eetre de conf\u00e9rence \u00e0 l&rsquo;universit\u00e9 Paris II<br>Panth\u00e9on-Assas, membre du conseil d&rsquo;administration de l&rsquo;Institut<br>Rousseau<\/p>\n<p>&#8211; Fran\u00e7ois Morvan, canc\u00e9rologue, vice-pr\u00e9sident de \u00ab\u00a0l&rsquo;Union nationale citoyenne\u00a0\u00bb<\/p>\n<p>&#8211; Jean-Michel Quatrepoint, journaliste, essayiste<\/p>\n<p>&#8211; Christian Rayot, maire et conseiller d\u00e9partemental<\/p>\n<p>&#8211; Claudine Riff\u00e9, professeur de physique-universit\u00e9 de Bourgogne<\/p>\n<p>&#8211; Claire Roussel, cadre sup\u00e9rieure<\/p>\n<p>&#8211; Jean-\u00c9ric Schoettl, ancien secr\u00e9taire g\u00e9n\u00e9ral du Conseil constitutionnel<\/p>\n<p>&#8211; Jean-Baptiste Thierr\u00e9e, artiste, directeur du \u00ab\u00a0Cirque invisible\u00a0\u00bb<\/p>\n<p>&#8211; Sylvie Tout\u00e9e, cadre administratif<\/p>\t\t\t\t\t\t\t\t<\/div>\n\t\t\t\t<\/div>\n\t\t\t\t\t<\/div>\n\t\t<\/div>\n\t\t\t\t\t<\/div>\n\t\t<\/section>\n\t\t\t\t<\/div>\n\t\t","protected":false},"excerpt":{"rendered":"<p>Tribune collectivePubli\u00e9 le 20\/02\/2021 \u00e0 16:00 https:\/\/www.marianne.net\/agora\/tribunes-libres\/nation-citoyenne-refondons-la-republique-au-dessus-de-la-droite-et-de-la-gauche Nation citoyenne : \u00ab\u00a0Refondons la R\u00e9publiqueau-dessus de la droite et de la gauche\u00a0\u00bb \u00ab\u00a0Il nous faut \u00e0 nouveau penser le \u00ab bien commun \u00bb, \u00e0 travers un projet &hellip; <\/p>\n","protected":false},"author":2,"featured_media":0,"parent":0,"menu_order":0,"comment_status":"closed","ping_status":"closed","template":"","meta":{"footnotes":""},"class_list":["post-173","page","type-page","status-publish","hentry"],"_links":{"self":[{"href":"https:\/\/www.lanationcitoyenne.fr\/index.php?rest_route=\/wp\/v2\/pages\/173","targetHints":{"allow":["GET"]}}],"collection":[{"href":"https:\/\/www.lanationcitoyenne.fr\/index.php?rest_route=\/wp\/v2\/pages"}],"about":[{"href":"https:\/\/www.lanationcitoyenne.fr\/index.php?rest_route=\/wp\/v2\/types\/page"}],"author":[{"embeddable":true,"href":"https:\/\/www.lanationcitoyenne.fr\/index.php?rest_route=\/wp\/v2\/users\/2"}],"replies":[{"embeddable":true,"href":"https:\/\/www.lanationcitoyenne.fr\/index.php?rest_route=%2Fwp%2Fv2%2Fcomments&post=173"}],"version-history":[{"count":98,"href":"https:\/\/www.lanationcitoyenne.fr\/index.php?rest_route=\/wp\/v2\/pages\/173\/revisions"}],"predecessor-version":[{"id":903,"href":"https:\/\/www.lanationcitoyenne.fr\/index.php?rest_route=\/wp\/v2\/pages\/173\/revisions\/903"}],"wp:attachment":[{"href":"https:\/\/www.lanationcitoyenne.fr\/index.php?rest_route=%2Fwp%2Fv2%2Fmedia&parent=173"}],"curies":[{"name":"wp","href":"https:\/\/api.w.org\/{rel}","templated":true}]}}